Last updated on 2022-04-24 03:52:26 CEST.
Flavor | Version | Tinstall | Tcheck | Ttotal | Status | Flags |
---|---|---|---|---|---|---|
r-devel-linux-x86_64-debian-clang | 0.2.1 | 5.15 | 76.27 | 81.42 | NOTE | |
r-devel-linux-x86_64-debian-gcc | 0.2.1 | 4.22 | 55.49 | 59.71 | NOTE | |
r-devel-linux-x86_64-fedora-clang | 0.2.1 | 96.29 | NOTE | |||
r-devel-linux-x86_64-fedora-gcc | 0.2.1 | 80.77 | NOTE | |||
r-patched-linux-x86_64 | 0.2.1 | 8.84 | 68.33 | 77.17 | NOTE | |
r-release-linux-x86_64 | 0.2.1 | 4.59 | 66.66 | 71.25 | NOTE | |
r-release-macos-arm64 | 0.2.1 | NOTE | ||||
r-release-macos-x86_64 | 0.2.1 | NOTE | ||||
r-release-windows-x86_64 | 0.2.1 | 19.00 | 90.00 | 109.00 | NOTE | |
r-oldrel-macos-arm64 | 0.2.1 | NOTE | ||||
r-oldrel-macos-x86_64 | 0.2.1 | NOTE | ||||
r-oldrel-windows-ix86+x86_64 | 0.2.1 | 14.00 | 79.00 | 93.00 | NOTE |
Version: 0.2.1
Check: LazyData
Result: NOTE
'LazyData' is specified without a 'data' directory
Flavors: r-devel-linux-x86_64-debian-clang, r-devel-linux-x86_64-debian-gcc, r-devel-linux-x86_64-fedora-clang, r-devel-linux-x86_64-fedora-gcc, r-patched-linux-x86_64, r-release-linux-x86_64, r-release-macos-arm64, r-release-macos-x86_64, r-release-windows-x86_64, r-oldrel-macos-arm64, r-oldrel-macos-x86_64, r-oldrel-windows-ix86+x86_64