Last updated on 2022-04-24 03:52:26 CEST.
Flavor | Version | Tinstall | Tcheck | Ttotal | Status | Flags |
---|---|---|---|---|---|---|
r-devel-linux-x86_64-debian-clang | 0.3.0 | 6.79 | 71.99 | 78.78 | OK | |
r-devel-linux-x86_64-debian-gcc | 0.3.0 | 5.60 | 53.72 | 59.32 | OK | |
r-devel-linux-x86_64-fedora-clang | 0.3.0 | 98.56 | OK | |||
r-devel-linux-x86_64-fedora-gcc | 0.3.0 | 84.95 | OK | |||
r-patched-linux-x86_64 | 0.3.0 | 5.89 | 67.68 | 73.57 | OK | |
r-release-linux-x86_64 | 0.3.0 | 6.23 | 65.30 | 71.53 | OK | |
r-release-macos-arm64 | 0.3.0 | OK | ||||
r-release-macos-x86_64 | 0.3.0 | NOTE | ||||
r-release-windows-x86_64 | 0.3.0 | 20.00 | 85.00 | 105.00 | OK | |
r-oldrel-macos-arm64 | 0.3.0 | OK | ||||
r-oldrel-macos-x86_64 | 0.3.0 | NOTE | ||||
r-oldrel-windows-ix86+x86_64 | 0.3.0 | 16.00 | 75.00 | 91.00 | OK |
Version: 0.3.0
Check: package dependencies
Result: NOTE
Package suggested but not available for checking: ‘ggtree’
Flavors: r-release-macos-x86_64, r-oldrel-macos-x86_64