Last updated on 2022-04-24 03:52:26 CEST.
Flavor | Version | Tinstall | Tcheck | Ttotal | Status | Flags |
---|---|---|---|---|---|---|
r-devel-linux-x86_64-debian-clang | 0.1.3 | 5.68 | 70.82 | 76.50 | OK | |
r-devel-linux-x86_64-debian-gcc | 0.1.3 | 4.45 | 52.99 | 57.44 | OK | |
r-devel-linux-x86_64-fedora-clang | 0.1.3 | 89.73 | NOTE | |||
r-devel-linux-x86_64-fedora-gcc | 0.1.3 | 77.37 | NOTE | |||
r-patched-linux-x86_64 | 0.1.3 | 5.17 | 65.63 | 70.80 | OK | |
r-release-linux-x86_64 | 0.1.3 | 5.10 | 63.67 | 68.77 | OK | |
r-release-macos-arm64 | 0.1.3 | NOTE | ||||
r-release-macos-x86_64 | 0.1.3 | NOTE | ||||
r-release-windows-x86_64 | 0.1.3 | 56.00 | 86.00 | 142.00 | OK | |
r-oldrel-macos-arm64 | 0.1.3 | NOTE | ||||
r-oldrel-macos-x86_64 | 0.1.3 | NOTE | ||||
r-oldrel-windows-ix86+x86_64 | 0.1.3 | 16.00 | 74.00 | 90.00 | OK |
Version: 0.1.3
Check: dependencies in R code
Result: NOTE
Namespace in Imports field not imported from: ‘utils’
All declared Imports should be used.
Flavors: r-devel-linux-x86_64-fedora-clang, r-devel-linux-x86_64-fedora-gcc, r-release-macos-arm64, r-release-macos-x86_64, r-oldrel-macos-arm64, r-oldrel-macos-x86_64