Last updated on 2022-04-24 03:52:26 CEST.
Flavor | Version | Tinstall | Tcheck | Ttotal | Status | Flags |
---|---|---|---|---|---|---|
r-devel-linux-x86_64-debian-clang | 0.8.2 | 132.59 | 207.77 | 340.36 | OK | |
r-devel-linux-x86_64-debian-gcc | 0.8.2 | 100.49 | 152.45 | 252.94 | OK | |
r-devel-linux-x86_64-fedora-clang | 0.8.2 | 486.88 | OK | |||
r-devel-linux-x86_64-fedora-gcc | 0.8.2 | 415.15 | OK | |||
r-patched-linux-x86_64 | 0.8.2 | 114.77 | 190.24 | 305.01 | OK | |
r-release-linux-x86_64 | 0.8.2 | 110.13 | 180.45 | 290.58 | OK | |
r-release-macos-arm64 | 0.8.2 | NOTE | ||||
r-release-macos-x86_64 | 0.8.2 | NOTE | ||||
r-release-windows-x86_64 | 0.8.2 | 238.00 | 268.00 | 506.00 | OK | |
r-oldrel-macos-arm64 | 0.8.2 | NOTE | ||||
r-oldrel-macos-x86_64 | 0.8.2 | NOTE | ||||
r-oldrel-windows-ix86+x86_64 | 0.8.2 | 312.00 | 354.00 | 666.00 | OK |
Version: 0.8.2
Check: installed package size
Result: NOTE
installed size is 7.7Mb
sub-directories of 1Mb or more:
libs 5.9Mb
Flavors: r-release-macos-arm64, r-release-macos-x86_64, r-oldrel-macos-arm64, r-oldrel-macos-x86_64