Last updated on 2022-04-24 03:52:26 CEST.
Flavor | Version | Tinstall | Tcheck | Ttotal | Status | Flags |
---|---|---|---|---|---|---|
r-devel-linux-x86_64-debian-clang | 0.4.1 | 5.07 | 62.61 | 67.68 | NOTE | |
r-devel-linux-x86_64-debian-gcc | 0.4.1 | 4.73 | 47.14 | 51.87 | NOTE | |
r-devel-linux-x86_64-fedora-clang | 0.4.1 | 81.08 | NOTE | |||
r-devel-linux-x86_64-fedora-gcc | 0.4.1 | 67.98 | NOTE | |||
r-patched-linux-x86_64 | 0.4.1 | 9.63 | 58.56 | 68.19 | NOTE | |
r-release-linux-x86_64 | 0.4.1 | 4.38 | 57.38 | 61.76 | NOTE | |
r-release-macos-arm64 | 0.4.1 | NOTE | ||||
r-release-macos-x86_64 | 0.4.1 | NOTE | ||||
r-release-windows-x86_64 | 0.4.1 | 10.00 | 79.00 | 89.00 | NOTE | |
r-oldrel-macos-arm64 | 0.4.1 | NOTE | ||||
r-oldrel-macos-x86_64 | 0.4.1 | NOTE | ||||
r-oldrel-windows-ix86+x86_64 | 0.4.1 | 15.00 | 67.00 | 82.00 | NOTE |
Version: 0.4.1
Check: LazyData
Result: NOTE
'LazyData' is specified without a 'data' directory
Flavors: r-devel-linux-x86_64-debian-clang, r-devel-linux-x86_64-debian-gcc, r-devel-linux-x86_64-fedora-clang, r-devel-linux-x86_64-fedora-gcc, r-patched-linux-x86_64, r-release-linux-x86_64, r-release-macos-arm64, r-release-macos-x86_64, r-release-windows-x86_64, r-oldrel-macos-arm64, r-oldrel-macos-x86_64, r-oldrel-windows-ix86+x86_64