Last updated on 2022-04-24 03:52:26 CEST.
Flavor | Version | Tinstall | Tcheck | Ttotal | Status | Flags |
---|---|---|---|---|---|---|
r-devel-linux-x86_64-debian-clang | 0.3.3 | 11.55 | 114.07 | 125.62 | OK | |
r-devel-linux-x86_64-debian-gcc | 0.3.3 | 7.64 | 82.74 | 90.38 | OK | |
r-devel-linux-x86_64-fedora-clang | 0.3.3 | 145.74 | NOTE | |||
r-devel-linux-x86_64-fedora-gcc | 0.3.3 | 128.70 | NOTE | |||
r-patched-linux-x86_64 | 0.3.3 | 8.67 | 105.29 | 113.96 | OK | |
r-release-linux-x86_64 | 0.3.3 | 9.18 | 98.16 | 107.34 | OK | |
r-release-macos-arm64 | 0.3.3 | NOTE | ||||
r-release-macos-x86_64 | 0.3.3 | NOTE | ||||
r-release-windows-x86_64 | 0.3.3 | 34.00 | 128.00 | 162.00 | OK | |
r-oldrel-macos-arm64 | 0.3.3 | NOTE | ||||
r-oldrel-macos-x86_64 | 0.3.3 | NOTE | ||||
r-oldrel-windows-ix86+x86_64 | 0.3.3 | 22.00 | 115.00 | 137.00 | OK |
Version: 0.3.3
Check: dependencies in R code
Result: NOTE
Namespaces in Imports field not imported from:
‘productplots’ ‘scales’
All declared Imports should be used.
Flavors: r-devel-linux-x86_64-fedora-clang, r-devel-linux-x86_64-fedora-gcc, r-release-macos-arm64, r-release-macos-x86_64, r-oldrel-macos-arm64, r-oldrel-macos-x86_64