Last updated on 2022-04-24 03:52:26 CEST.
Flavor | Version | Tinstall | Tcheck | Ttotal | Status | Flags |
---|---|---|---|---|---|---|
r-devel-linux-x86_64-debian-clang | 0.1.1 | 9.71 | 121.49 | 131.20 | OK | |
r-devel-linux-x86_64-debian-gcc | 0.1.1 | 7.49 | 87.54 | 95.03 | OK | |
r-devel-linux-x86_64-fedora-clang | 0.1.1 | 159.54 | NOTE | |||
r-devel-linux-x86_64-fedora-gcc | 0.1.1 | 135.26 | NOTE | |||
r-patched-linux-x86_64 | 0.1.1 | 7.03 | 111.45 | 118.48 | OK | |
r-release-linux-x86_64 | 0.1.1 | 8.09 | 107.72 | 115.81 | OK | |
r-release-macos-arm64 | 0.1.1 | NOTE | ||||
r-release-macos-x86_64 | 0.1.1 | NOTE | ||||
r-release-windows-x86_64 | 0.1.1 | 17.00 | 129.00 | 146.00 | OK | |
r-oldrel-macos-arm64 | 0.1.1 | NOTE | ||||
r-oldrel-macos-x86_64 | 0.1.1 | NOTE | ||||
r-oldrel-windows-ix86+x86_64 | 0.1.1 | 24.00 | 120.00 | 144.00 | OK |
Version: 0.1.1
Check: dependencies in R code
Result: NOTE
Namespace in Imports field not imported from: ‘tidyverse’
All declared Imports should be used.
Flavors: r-devel-linux-x86_64-fedora-clang, r-devel-linux-x86_64-fedora-gcc, r-release-macos-arm64, r-release-macos-x86_64, r-oldrel-macos-arm64, r-oldrel-macos-x86_64