Last updated on 2022-04-24 03:52:26 CEST.
Flavor | Version | Tinstall | Tcheck | Ttotal | Status | Flags |
---|---|---|---|---|---|---|
r-devel-linux-x86_64-debian-clang | 0.1.1 | 1.73 | 31.88 | 33.61 | OK | |
r-devel-linux-x86_64-debian-gcc | 0.1.1 | 1.71 | 24.75 | 26.46 | OK | |
r-devel-linux-x86_64-fedora-clang | 0.1.1 | 41.13 | NOTE | |||
r-devel-linux-x86_64-fedora-gcc | 0.1.1 | 30.05 | OK | |||
r-patched-linux-x86_64 | 0.1.1 | 1.76 | 30.65 | 32.41 | OK | |
r-release-linux-x86_64 | 0.1.1 | 2.18 | 30.14 | 32.32 | OK | |
r-release-macos-arm64 | 0.1.1 | OK | ||||
r-release-macos-x86_64 | 0.1.1 | OK | ||||
r-release-windows-x86_64 | 0.1.1 | 9.00 | 45.00 | 54.00 | OK | |
r-oldrel-macos-arm64 | 0.1.1 | OK | ||||
r-oldrel-macos-x86_64 | 0.1.1 | OK | ||||
r-oldrel-windows-ix86+x86_64 | 0.1.1 | 5.00 | 37.00 | 42.00 | OK |
Version: 0.1.1
Check: Rd cross-references
Result: NOTE
Undeclared package ‘dwlm’ in Rd xrefs
Flavor: r-devel-linux-x86_64-fedora-clang