Last updated on 2022-04-24 03:52:26 CEST.
Flavor | Version | Tinstall | Tcheck | Ttotal | Status | Flags |
---|---|---|---|---|---|---|
r-devel-linux-x86_64-debian-clang | 0.5.10 | 6.31 | 95.71 | 102.02 | OK | |
r-devel-linux-x86_64-debian-gcc | 0.5.10 | 4.06 | 69.78 | 73.84 | OK | |
r-devel-linux-x86_64-fedora-clang | 0.5.10 | 117.86 | NOTE | |||
r-devel-linux-x86_64-fedora-gcc | 0.5.10 | 104.94 | NOTE | |||
r-patched-linux-x86_64 | 0.5.10 | 11.36 | 88.60 | 99.96 | OK | |
r-release-linux-x86_64 | 0.5.10 | 5.04 | 82.16 | 87.20 | OK | |
r-release-macos-arm64 | 0.5.10 | NOTE | ||||
r-release-macos-x86_64 | 0.5.10 | NOTE | ||||
r-release-windows-x86_64 | 0.5.10 | 23.00 | 110.00 | 133.00 | OK | |
r-oldrel-macos-arm64 | 0.5.10 | NOTE | ||||
r-oldrel-macos-x86_64 | 0.5.10 | NOTE | ||||
r-oldrel-windows-ix86+x86_64 | 0.5.10 | 16.00 | 100.00 | 116.00 | OK |
Version: 0.5.10
Check: dependencies in R code
Result: NOTE
Namespaces in Imports field not imported from:
‘sna’ ‘utils’
All declared Imports should be used.
Flavors: r-devel-linux-x86_64-fedora-clang, r-devel-linux-x86_64-fedora-gcc, r-release-macos-arm64, r-release-macos-x86_64, r-oldrel-macos-arm64, r-oldrel-macos-x86_64