Last updated on 2022-04-24 03:52:26 CEST.
Flavor | Version | Tinstall | Tcheck | Ttotal | Status | Flags |
---|---|---|---|---|---|---|
r-devel-linux-x86_64-debian-clang | 0.1.0 | 5.52 | 60.45 | 65.97 | NOTE | |
r-devel-linux-x86_64-debian-gcc | 0.1.0 | 3.80 | 44.54 | 48.34 | NOTE | |
r-devel-linux-x86_64-fedora-clang | 0.1.0 | 77.91 | NOTE | |||
r-devel-linux-x86_64-fedora-gcc | 0.1.0 | 64.18 | NOTE | |||
r-patched-linux-x86_64 | 0.1.0 | 4.52 | 56.91 | 61.43 | NOTE | |
r-release-linux-x86_64 | 0.1.0 | 4.41 | 53.95 | 58.36 | NOTE | |
r-release-macos-arm64 | 0.1.0 | NOTE | ||||
r-release-macos-x86_64 | 0.1.0 | NOTE | ||||
r-release-windows-x86_64 | 0.1.0 | 17.00 | 73.00 | 90.00 | NOTE | |
r-oldrel-macos-arm64 | 0.1.0 | NOTE | ||||
r-oldrel-macos-x86_64 | 0.1.0 | NOTE | ||||
r-oldrel-windows-ix86+x86_64 | 0.1.0 | 14.00 | 63.00 | 77.00 | NOTE |
Version: 0.1.0
Check: LazyData
Result: NOTE
'LazyData' is specified without a 'data' directory
Flavors: r-devel-linux-x86_64-debian-clang, r-devel-linux-x86_64-debian-gcc, r-devel-linux-x86_64-fedora-clang, r-devel-linux-x86_64-fedora-gcc, r-patched-linux-x86_64, r-release-linux-x86_64, r-release-macos-arm64, r-release-macos-x86_64, r-release-windows-x86_64, r-oldrel-macos-arm64, r-oldrel-macos-x86_64, r-oldrel-windows-ix86+x86_64
Version: 0.1.0
Check: Rd cross-references
Result: NOTE
Undeclared packages ‘scales’, ‘labeling’ in Rd xrefs
Flavor: r-devel-linux-x86_64-fedora-clang