Last updated on 2022-04-24 03:52:26 CEST.
Flavor | Version | Tinstall | Tcheck | Ttotal | Status | Flags |
---|---|---|---|---|---|---|
r-devel-linux-x86_64-debian-clang | 1.0.0 | 9.09 | 82.96 | 92.05 | NOTE | |
r-devel-linux-x86_64-debian-gcc | 1.0.0 | 6.87 | 60.88 | 67.75 | NOTE | |
r-devel-linux-x86_64-fedora-clang | 1.0.0 | 114.42 | NOTE | |||
r-devel-linux-x86_64-fedora-gcc | 1.0.0 | 91.62 | NOTE | |||
r-patched-linux-x86_64 | 1.0.0 | 5.46 | 76.64 | 82.10 | NOTE | |
r-release-linux-x86_64 | 1.0.0 | 4.98 | 73.23 | 78.21 | NOTE | |
r-release-macos-arm64 | 1.0.0 | NOTE | ||||
r-release-macos-x86_64 | 1.0.0 | NOTE | ||||
r-release-windows-x86_64 | 1.0.0 | 12.00 | 93.00 | 105.00 | NOTE | |
r-oldrel-macos-arm64 | 1.0.0 | NOTE | ||||
r-oldrel-macos-x86_64 | 1.0.0 | NOTE | ||||
r-oldrel-windows-ix86+x86_64 | 1.0.0 | 19.00 | 86.00 | 105.00 | NOTE |
Version: 1.0.0
Check: LazyData
Result: NOTE
'LazyData' is specified without a 'data' directory
Flavors: r-devel-linux-x86_64-debian-clang, r-devel-linux-x86_64-debian-gcc, r-devel-linux-x86_64-fedora-clang, r-devel-linux-x86_64-fedora-gcc, r-patched-linux-x86_64, r-release-linux-x86_64, r-release-macos-arm64, r-release-macos-x86_64, r-release-windows-x86_64, r-oldrel-macos-arm64, r-oldrel-macos-x86_64, r-oldrel-windows-ix86+x86_64