Last updated on 2022-04-24 03:52:26 CEST.
Flavor | Version | Tinstall | Tcheck | Ttotal | Status | Flags |
---|---|---|---|---|---|---|
r-devel-linux-x86_64-debian-clang | 0.0.1 | 7.22 | 68.31 | 75.53 | NOTE | |
r-devel-linux-x86_64-debian-gcc | 0.0.1 | 5.34 | 50.92 | 56.26 | NOTE | |
r-devel-linux-x86_64-fedora-clang | 0.0.1 | 89.52 | NOTE | |||
r-devel-linux-x86_64-fedora-gcc | 0.0.1 | 74.37 | NOTE | |||
r-patched-linux-x86_64 | 0.0.1 | 10.20 | 64.10 | 74.30 | NOTE | |
r-release-linux-x86_64 | 0.0.1 | 3.74 | 60.45 | 64.19 | NOTE | |
r-release-macos-arm64 | 0.0.1 | NOTE | ||||
r-release-macos-x86_64 | 0.0.1 | NOTE | ||||
r-release-windows-x86_64 | 0.0.1 | 15.00 | 81.00 | 96.00 | NOTE | |
r-oldrel-macos-arm64 | 0.0.1 | NOTE | ||||
r-oldrel-macos-x86_64 | 0.0.1 | NOTE | ||||
r-oldrel-windows-ix86+x86_64 | 0.0.1 | 16.00 | 72.00 | 88.00 | NOTE |
Version: 0.0.1
Check: LazyData
Result: NOTE
'LazyData' is specified without a 'data' directory
Flavors: r-devel-linux-x86_64-debian-clang, r-devel-linux-x86_64-debian-gcc, r-devel-linux-x86_64-fedora-clang, r-devel-linux-x86_64-fedora-gcc, r-patched-linux-x86_64, r-release-linux-x86_64, r-release-macos-arm64, r-release-macos-x86_64, r-release-windows-x86_64, r-oldrel-macos-arm64, r-oldrel-macos-x86_64, r-oldrel-windows-ix86+x86_64