Last updated on 2022-04-24 03:52:26 CEST.
Flavor | Version | Tinstall | Tcheck | Ttotal | Status | Flags |
---|---|---|---|---|---|---|
r-devel-linux-x86_64-debian-clang | 0.0.7 | 10.12 | 75.02 | 85.14 | NOTE | |
r-devel-linux-x86_64-debian-gcc | 0.0.7 | 7.86 | 55.50 | 63.36 | NOTE | |
r-devel-linux-x86_64-fedora-clang | 0.0.7 | 100.69 | NOTE | |||
r-devel-linux-x86_64-fedora-gcc | 0.0.7 | 87.99 | NOTE | |||
r-patched-linux-x86_64 | 0.0.7 | 9.22 | 70.56 | 79.78 | NOTE | |
r-release-linux-x86_64 | 0.0.7 | 8.55 | 66.09 | 74.64 | NOTE | |
r-release-macos-arm64 | 0.0.7 | NOTE | ||||
r-release-macos-x86_64 | 0.0.7 | NOTE | ||||
r-release-windows-x86_64 | 0.0.7 | 28.00 | 90.00 | 118.00 | NOTE | |
r-oldrel-macos-arm64 | 0.0.7 | NOTE | ||||
r-oldrel-macos-x86_64 | 0.0.7 | NOTE | ||||
r-oldrel-windows-ix86+x86_64 | 0.0.7 | 23.00 | 79.00 | 102.00 | NOTE |
Version: 0.0.7
Check: LazyData
Result: NOTE
'LazyData' is specified without a 'data' directory
Flavors: r-devel-linux-x86_64-debian-clang, r-devel-linux-x86_64-debian-gcc, r-devel-linux-x86_64-fedora-clang, r-devel-linux-x86_64-fedora-gcc, r-patched-linux-x86_64, r-release-linux-x86_64, r-release-macos-arm64, r-release-macos-x86_64, r-release-windows-x86_64, r-oldrel-macos-arm64, r-oldrel-macos-x86_64, r-oldrel-windows-ix86+x86_64
Version: 0.0.7
Check: dependencies in R code
Result: NOTE
Namespaces in Imports field not imported from:
‘dplyr’ ‘grDevices’
All declared Imports should be used.
Flavors: r-devel-linux-x86_64-fedora-clang, r-devel-linux-x86_64-fedora-gcc, r-release-macos-arm64, r-release-macos-x86_64, r-oldrel-macos-arm64, r-oldrel-macos-x86_64