Last updated on 2022-04-24 03:52:27 CEST.
Flavor | Version | Tinstall | Tcheck | Ttotal | Status | Flags |
---|---|---|---|---|---|---|
r-devel-linux-x86_64-debian-clang | 0.2.4 | 5.69 | 79.82 | 85.51 | NOTE | |
r-devel-linux-x86_64-debian-gcc | 0.2.4 | 4.87 | 58.02 | 62.89 | NOTE | |
r-devel-linux-x86_64-fedora-clang | 0.2.4 | 98.32 | NOTE | |||
r-devel-linux-x86_64-fedora-gcc | 0.2.4 | 85.96 | NOTE | |||
r-patched-linux-x86_64 | 0.2.4 | 5.94 | 74.06 | 80.00 | NOTE | |
r-release-linux-x86_64 | 0.2.4 | 4.11 | 67.91 | 72.02 | NOTE | |
r-release-macos-arm64 | 0.2.4 | NOTE | ||||
r-release-macos-x86_64 | 0.2.4 | NOTE | ||||
r-release-windows-x86_64 | 0.2.4 | 22.00 | 94.00 | 116.00 | NOTE | |
r-oldrel-macos-arm64 | 0.2.4 | NOTE | ||||
r-oldrel-macos-x86_64 | 0.2.4 | NOTE | ||||
r-oldrel-windows-ix86+x86_64 | 0.2.4 | 16.00 | 82.00 | 98.00 | NOTE |
Version: 0.2.4
Check: LazyData
Result: NOTE
'LazyData' is specified without a 'data' directory
Flavors: r-devel-linux-x86_64-debian-clang, r-devel-linux-x86_64-debian-gcc, r-devel-linux-x86_64-fedora-clang, r-devel-linux-x86_64-fedora-gcc, r-patched-linux-x86_64, r-release-linux-x86_64, r-release-macos-arm64, r-release-macos-x86_64, r-release-windows-x86_64, r-oldrel-macos-arm64, r-oldrel-macos-x86_64, r-oldrel-windows-ix86+x86_64