Last updated on 2022-04-24 03:52:27 CEST.
| Flavor | Version | Tinstall | Tcheck | Ttotal | Status | Flags | 
|---|---|---|---|---|---|---|
| r-devel-linux-x86_64-debian-clang | 0.2.1 | 8.30 | 80.94 | 89.24 | OK | |
| r-devel-linux-x86_64-debian-gcc | 0.2.1 | 6.01 | 59.86 | 65.87 | OK | |
| r-devel-linux-x86_64-fedora-clang | 0.2.1 | 111.01 | NOTE | |||
| r-devel-linux-x86_64-fedora-gcc | 0.2.1 | 89.63 | NOTE | |||
| r-patched-linux-x86_64 | 0.2.1 | 15.20 | 75.22 | 90.42 | OK | |
| r-release-linux-x86_64 | 0.2.1 | 7.03 | 71.90 | 78.93 | OK | |
| r-release-macos-arm64 | 0.2.1 | NOTE | ||||
| r-release-macos-x86_64 | 0.2.1 | NOTE | ||||
| r-release-windows-x86_64 | 0.2.1 | 31.00 | 114.00 | 145.00 | OK | |
| r-oldrel-macos-arm64 | 0.2.1 | NOTE | ||||
| r-oldrel-macos-x86_64 | 0.2.1 | NOTE | ||||
| r-oldrel-windows-ix86+x86_64 | 0.2.1 | 19.00 | 91.00 | 110.00 | OK | 
Version: 0.2.1
Check: package dependencies
Result: NOTE
    Imports includes 29 non-default packages.
    Importing from so many packages makes the package vulnerable to any of
    them becoming unavailable.  Move as many as possible to Suggests and
    use conditionally.
Flavor: r-devel-linux-x86_64-fedora-clang
Version: 0.2.1
Check: dependencies in R code
Result: NOTE
    Namespaces in Imports field not imported from:
      ‘DT’ ‘Formula’ ‘GGally’ ‘Hmisc’ ‘RPostgres’ ‘colourpicker’ ‘dplyr’
      ‘ggpmisc’ ‘ggpubr’ ‘ggrepel’ ‘gridExtra’ ‘markdown’ ‘plotly’
      ‘quantreg’ ‘rlang’ ‘shinyFiles’ ‘shinyjqui’ ‘shinyjs’ ‘survival’
      ‘survminer’ ‘table1’ ‘tidyr’ ‘zoo’
      All declared Imports should be used.
Flavors: r-devel-linux-x86_64-fedora-clang, r-devel-linux-x86_64-fedora-gcc, r-release-macos-arm64, r-release-macos-x86_64, r-oldrel-macos-arm64, r-oldrel-macos-x86_64