Last updated on 2022-04-24 03:52:27 CEST.
Flavor | Version | Tinstall | Tcheck | Ttotal | Status | Flags |
---|---|---|---|---|---|---|
r-devel-linux-x86_64-debian-clang | 2.0.5 | 84.09 | 231.25 | 315.34 | OK | |
r-devel-linux-x86_64-debian-gcc | 2.0.5 | 71.67 | 166.22 | 237.89 | OK | |
r-devel-linux-x86_64-fedora-clang | 2.0.5 | 404.56 | NOTE | |||
r-devel-linux-x86_64-fedora-gcc | 2.0.5 | 366.30 | OK | |||
r-patched-linux-x86_64 | 2.0.5 | 73.94 | 210.24 | 284.18 | OK | |
r-release-linux-x86_64 | 2.0.5 | 65.40 | 216.98 | 282.38 | OK | |
r-release-macos-arm64 | 2.0.5 | NOTE | ||||
r-release-macos-x86_64 | 2.0.5 | NOTE | ||||
r-release-windows-x86_64 | 2.0.5 | 123.00 | 331.00 | 454.00 | NOTE | |
r-oldrel-macos-arm64 | 2.0.5 | NOTE | ||||
r-oldrel-macos-x86_64 | 2.0.5 | NOTE | ||||
r-oldrel-windows-ix86+x86_64 | 2.0.5 | 192.00 | 380.00 | 572.00 | NOTE |
Version: 2.0.5
Check: installed package size
Result: NOTE
installed size is 6.9Mb
sub-directories of 1Mb or more:
doc 3.6Mb
libs 2.0Mb
Flavors: r-devel-linux-x86_64-fedora-clang, r-release-macos-arm64, r-release-macos-x86_64, r-release-windows-x86_64, r-oldrel-macos-arm64, r-oldrel-macos-x86_64, r-oldrel-windows-ix86+x86_64