Last updated on 2022-04-24 03:52:27 CEST.
Flavor | Version | Tinstall | Tcheck | Ttotal | Status | Flags |
---|---|---|---|---|---|---|
r-devel-linux-x86_64-debian-clang | 1.2 | 18.58 | 143.42 | 162.00 | OK | |
r-devel-linux-x86_64-debian-gcc | 1.2 | 13.88 | 106.98 | 120.86 | OK | |
r-devel-linux-x86_64-fedora-clang | 1.2 | 200.73 | NOTE | |||
r-devel-linux-x86_64-fedora-gcc | 1.2 | 183.24 | OK | |||
r-patched-linux-x86_64 | 1.2 | 15.31 | 131.74 | 147.05 | OK | |
r-release-linux-x86_64 | 1.0 | 16.18 | 123.44 | 139.62 | NOTE | |
r-release-macos-arm64 | 1.0 | NOTE | ||||
r-release-macos-x86_64 | 1.0 | NOTE | ||||
r-release-windows-x86_64 | 1.0 | 31.00 | 140.00 | 171.00 | NOTE | |
r-oldrel-macos-arm64 | 1.0 | NOTE | ||||
r-oldrel-macos-x86_64 | 1.0 | NOTE | ||||
r-oldrel-windows-ix86+x86_64 | 1.0 | 40.00 | 133.00 | 173.00 | NOTE |
Version: 1.2
Check: installed package size
Result: NOTE
installed size is 9.4Mb
sub-directories of 1Mb or more:
extdata 9.1Mb
Flavor: r-devel-linux-x86_64-fedora-clang
Version: 1.0
Check: LazyData
Result: NOTE
'LazyData' is specified without a 'data' directory
Flavors: r-release-linux-x86_64, r-release-macos-arm64, r-release-macos-x86_64, r-release-windows-x86_64, r-oldrel-macos-arm64, r-oldrel-macos-x86_64, r-oldrel-windows-ix86+x86_64
Version: 1.0
Check: installed package size
Result: NOTE
installed size is 9.4Mb
sub-directories of 1Mb or more:
extdata 9.0Mb
Flavors: r-release-macos-arm64, r-release-macos-x86_64, r-release-windows-x86_64, r-oldrel-macos-arm64, r-oldrel-macos-x86_64, r-oldrel-windows-ix86+x86_64