Last updated on 2022-04-24 03:52:27 CEST.
Flavor | Version | Tinstall | Tcheck | Ttotal | Status | Flags |
---|---|---|---|---|---|---|
r-devel-linux-x86_64-debian-clang | 0.9.1 | 26.69 | 97.39 | 124.08 | WARN | |
r-devel-linux-x86_64-debian-gcc | 0.9.1 | 22.00 | 72.42 | 94.42 | OK | |
r-devel-linux-x86_64-fedora-clang | 0.9.1 | 150.67 | WARN | |||
r-devel-linux-x86_64-fedora-gcc | 0.9.1 | 135.14 | OK | |||
r-patched-linux-x86_64 | 0.9.1 | 23.16 | 92.04 | 115.20 | OK | |
r-release-linux-x86_64 | 0.9.1 | 23.60 | 85.03 | 108.63 | OK | |
r-release-macos-arm64 | 0.9.1 | OK | ||||
r-release-macos-x86_64 | 0.9.1 | OK | ||||
r-release-windows-x86_64 | 0.9.1 | 32.00 | 138.00 | 170.00 | OK | |
r-oldrel-macos-arm64 | 0.9.1 | OK | ||||
r-oldrel-macos-x86_64 | 0.9.1 | OK | ||||
r-oldrel-windows-ix86+x86_64 | 0.9.1 | 66.00 | 159.00 | 225.00 | OK |
Version: 0.9.1
Check: whether package can be installed
Result: WARN
Found the following significant warnings:
repel_boxes.cpp:183:7: warning: use of bitwise '&' with boolean operands [-Wbitwise-instead-of-logical]
repel_boxes.cpp:193:7: warning: use of bitwise '&' with boolean operands [-Wbitwise-instead-of-logical]
Flavors: r-devel-linux-x86_64-debian-clang, r-devel-linux-x86_64-fedora-clang