Last updated on 2022-04-24 03:52:27 CEST.
Flavor | Version | Tinstall | Tcheck | Ttotal | Status | Flags |
---|---|---|---|---|---|---|
r-devel-linux-x86_64-debian-clang | 1.6.4 | 9.23 | 209.21 | 218.44 | NOTE | |
r-devel-linux-x86_64-debian-gcc | 1.6.4 | 7.73 | 148.59 | 156.32 | NOTE | |
r-devel-linux-x86_64-fedora-clang | 1.6.4 | 261.01 | NOTE | |||
r-devel-linux-x86_64-fedora-gcc | 1.6.4 | 258.08 | NOTE | |||
r-patched-linux-x86_64 | 1.6.4 | 8.46 | 191.36 | 199.82 | NOTE | |
r-release-linux-x86_64 | 1.6.4 | 9.24 | 185.49 | 194.73 | NOTE | |
r-release-macos-arm64 | 1.6.4 | OK | ||||
r-release-macos-x86_64 | 1.6.4 | OK | ||||
r-release-windows-x86_64 | 1.6.4 | 58.00 | 222.00 | 280.00 | OK | |
r-oldrel-macos-arm64 | 1.6.4 | OK | ||||
r-oldrel-macos-x86_64 | 1.6.4 | OK | ||||
r-oldrel-windows-ix86+x86_64 | 1.6.4 | 24.00 | 213.00 | 237.00 | OK |
Version: 1.6.4
Check: package dependencies
Result: NOTE
Package suggested but not available for checking: 'freesurfer'
Flavors: r-devel-linux-x86_64-debian-clang, r-devel-linux-x86_64-debian-gcc, r-devel-linux-x86_64-fedora-clang, r-devel-linux-x86_64-fedora-gcc, r-patched-linux-x86_64, r-release-linux-x86_64