Last updated on 2022-04-24 03:52:27 CEST.
Flavor | Version | Tinstall | Tcheck | Ttotal | Status | Flags |
---|---|---|---|---|---|---|
r-devel-linux-x86_64-debian-clang | 1.6.3 | 18.17 | 105.75 | 123.92 | OK | |
r-devel-linux-x86_64-debian-gcc | 1.6.3 | 17.26 | 77.62 | 94.88 | OK | |
r-devel-linux-x86_64-fedora-clang | 1.6.3 | 149.24 | NOTE | |||
r-devel-linux-x86_64-fedora-gcc | 1.6.3 | 131.83 | NOTE | |||
r-patched-linux-x86_64 | 1.6.3 | 16.03 | 97.35 | 113.38 | OK | |
r-release-linux-x86_64 | 1.6.3 | 12.72 | 95.09 | 107.81 | OK | |
r-release-macos-arm64 | 1.6.3 | NOTE | ||||
r-release-macos-x86_64 | 1.6.3 | NOTE | ||||
r-release-windows-x86_64 | 1.6.3 | 26.00 | 117.00 | 143.00 | OK | |
r-oldrel-macos-arm64 | 1.6.3 | NOTE | ||||
r-oldrel-macos-x86_64 | 1.6.3 | NOTE | ||||
r-oldrel-windows-ix86+x86_64 | 1.6.3 | 32.00 | 112.00 | 144.00 | OK |
Version: 1.6.3
Check: dependencies in R code
Result: NOTE
Namespaces in Imports field not imported from:
‘magrittr’ ‘utils’
All declared Imports should be used.
Flavors: r-devel-linux-x86_64-fedora-clang, r-devel-linux-x86_64-fedora-gcc, r-release-macos-arm64, r-release-macos-x86_64, r-oldrel-macos-arm64, r-oldrel-macos-x86_64