Last updated on 2022-04-24 03:52:27 CEST.
Flavor | Version | Tinstall | Tcheck | Ttotal | Status | Flags |
---|---|---|---|---|---|---|
r-devel-linux-x86_64-debian-clang | 0.0.2 | 7.35 | 78.76 | 86.11 | NOTE | |
r-devel-linux-x86_64-debian-gcc | 0.0.2 | 5.59 | 58.41 | 64.00 | NOTE | |
r-devel-linux-x86_64-fedora-clang | 0.0.2 | 103.94 | NOTE | |||
r-devel-linux-x86_64-fedora-gcc | 0.0.2 | 88.71 | NOTE | |||
r-patched-linux-x86_64 | 0.0.2 | 6.85 | 74.57 | 81.42 | NOTE | |
r-release-linux-x86_64 | 0.0.2 | 5.72 | 68.79 | 74.51 | NOTE | |
r-release-macos-arm64 | 0.0.2 | NOTE | ||||
r-release-macos-x86_64 | 0.0.2 | NOTE | ||||
r-release-windows-x86_64 | 0.0.2 | 43.00 | 108.00 | 151.00 | NOTE | |
r-oldrel-macos-arm64 | 0.0.2 | NOTE | ||||
r-oldrel-macos-x86_64 | 0.0.2 | NOTE | ||||
r-oldrel-windows-ix86+x86_64 | 0.0.2 | 18.00 | 99.00 | 117.00 | NOTE |
Version: 0.0.2
Check: LazyData
Result: NOTE
'LazyData' is specified without a 'data' directory
Flavors: r-devel-linux-x86_64-debian-clang, r-devel-linux-x86_64-debian-gcc, r-devel-linux-x86_64-fedora-clang, r-devel-linux-x86_64-fedora-gcc, r-patched-linux-x86_64, r-release-linux-x86_64, r-release-macos-arm64, r-release-macos-x86_64, r-release-windows-x86_64, r-oldrel-macos-arm64, r-oldrel-macos-x86_64, r-oldrel-windows-ix86+x86_64
Version: 0.0.2
Check: Rd cross-references
Result: NOTE
Undeclared package ‘RColorBrewer’ in Rd xrefs
Flavor: r-devel-linux-x86_64-fedora-clang