Last updated on 2022-04-24 03:52:27 CEST.
Flavor | Version | Tinstall | Tcheck | Ttotal | Status | Flags |
---|---|---|---|---|---|---|
r-devel-linux-x86_64-debian-clang | 0.1.6 | 5.42 | 66.42 | 71.84 | NOTE | |
r-devel-linux-x86_64-debian-gcc | 0.1.6 | 3.61 | 48.78 | 52.39 | NOTE | |
r-devel-linux-x86_64-fedora-clang | 0.1.6 | 84.63 | NOTE | |||
r-devel-linux-x86_64-fedora-gcc | 0.1.6 | 70.81 | NOTE | |||
r-patched-linux-x86_64 | 0.1.6 | 4.34 | 61.91 | 66.25 | NOTE | |
r-release-linux-x86_64 | 0.1.6 | 4.33 | 58.54 | 62.87 | NOTE | |
r-release-macos-arm64 | 0.1.6 | NOTE | ||||
r-release-macos-x86_64 | 0.1.6 | NOTE | ||||
r-release-windows-x86_64 | 0.1.6 | 31.00 | 80.00 | 111.00 | NOTE | |
r-oldrel-macos-arm64 | 0.1.6 | NOTE | ||||
r-oldrel-macos-x86_64 | 0.1.6 | NOTE | ||||
r-oldrel-windows-ix86+x86_64 | 0.1.6 | 16.00 | 70.00 | 86.00 | NOTE |
Version: 0.1.6
Check: LazyData
Result: NOTE
'LazyData' is specified without a 'data' directory
Flavors: r-devel-linux-x86_64-debian-clang, r-devel-linux-x86_64-debian-gcc, r-devel-linux-x86_64-fedora-clang, r-devel-linux-x86_64-fedora-gcc, r-patched-linux-x86_64, r-release-linux-x86_64, r-release-macos-arm64, r-release-macos-x86_64, r-release-windows-x86_64, r-oldrel-macos-arm64, r-oldrel-macos-x86_64, r-oldrel-windows-ix86+x86_64