Last updated on 2022-04-24 03:52:27 CEST.
Flavor | Version | Tinstall | Tcheck | Ttotal | Status | Flags |
---|---|---|---|---|---|---|
r-devel-linux-x86_64-debian-clang | 1.0.3 | 5.68 | 69.72 | 75.40 | OK | |
r-devel-linux-x86_64-debian-gcc | 1.0.3 | 5.10 | 52.20 | 57.30 | OK | |
r-devel-linux-x86_64-fedora-clang | 1.0.3 | 89.38 | NOTE | |||
r-devel-linux-x86_64-fedora-gcc | 1.0.3 | 75.60 | OK | |||
r-patched-linux-x86_64 | 1.0.3 | 4.68 | 64.61 | 69.29 | OK | |
r-release-linux-x86_64 | 1.0.3 | 5.20 | 61.16 | 66.36 | OK | |
r-release-macos-arm64 | 1.0.3 | OK | ||||
r-release-macos-x86_64 | 1.0.3 | OK | ||||
r-release-windows-x86_64 | 1.0.3 | 26.00 | 86.00 | 112.00 | OK | |
r-oldrel-macos-arm64 | 1.0.3 | OK | ||||
r-oldrel-macos-x86_64 | 1.0.3 | OK | ||||
r-oldrel-windows-ix86+x86_64 | 1.0.3 | 16.00 | 74.00 | 90.00 | OK |
Version: 1.0.3
Check: Rd cross-references
Result: NOTE
Undeclared package ‘rlang’ in Rd xrefs
Flavor: r-devel-linux-x86_64-fedora-clang