Last updated on 2022-04-24 03:52:27 CEST.
Flavor | Version | Tinstall | Tcheck | Ttotal | Status | Flags |
---|---|---|---|---|---|---|
r-devel-linux-x86_64-debian-clang | 0.2.1 | 7.60 | 71.42 | 79.02 | OK | |
r-devel-linux-x86_64-debian-gcc | 0.2.1 | 5.81 | 52.31 | 58.12 | OK | |
r-devel-linux-x86_64-fedora-clang | 0.2.1 | 94.53 | OK | |||
r-devel-linux-x86_64-fedora-gcc | 0.2.1 | 79.46 | OK | |||
r-patched-linux-x86_64 | 0.2.1 | 8.70 | 66.95 | 75.65 | OK | |
r-release-linux-x86_64 | 0.2.1 | 6.22 | 62.62 | 68.84 | OK | |
r-release-macos-arm64 | 0.2.1 | OK | ||||
r-release-macos-x86_64 | 0.2.1 | WARN | --as-cran | |||
r-release-windows-x86_64 | 0.2.1 | 54.00 | 87.00 | 141.00 | OK | |
r-oldrel-macos-arm64 | 0.2.1 | OK | ||||
r-oldrel-macos-x86_64 | 0.2.1 | WARN | --as-cran | |||
r-oldrel-windows-ix86+x86_64 | 0.2.1 | 18.00 | 75.00 | 93.00 | OK |
Version: 0.2.1
Flags: --as-cran
Check: CRAN incoming feasibility
Result: WARN
Maintainer: ‘Colin Rundel <rundel@gmail.com>’
Insufficient package version (submitted: 0.2.1, existing: 0.2.1)
Days since last update: 1
Flavors: r-release-macos-x86_64, r-oldrel-macos-x86_64
Version: 0.2.1
Flags: --as-cran
Check: top-level files
Result: NOTE
Files ‘README.md’ or ‘NEWS.md’ cannot be checked without ‘pandoc’ being installed.
Flavors: r-release-macos-x86_64, r-oldrel-macos-x86_64