Last updated on 2022-04-24 03:52:27 CEST.
Flavor | Version | Tinstall | Tcheck | Ttotal | Status | Flags |
---|---|---|---|---|---|---|
r-devel-linux-x86_64-debian-clang | 3.0.0 | 21.74 | 325.32 | 347.06 | OK | |
r-devel-linux-x86_64-debian-gcc | 3.0.0 | 17.82 | 234.66 | 252.48 | OK | |
r-devel-linux-x86_64-fedora-clang | 3.0.0 | 428.30 | NOTE | |||
r-devel-linux-x86_64-fedora-gcc | 3.0.0 | 389.57 | NOTE | |||
r-patched-linux-x86_64 | 3.0.0 | 18.78 | 311.96 | 330.74 | OK | |
r-release-linux-x86_64 | 3.0.0 | 17.46 | 312.15 | 329.61 | OK | |
r-release-macos-arm64 | 3.0.0 | NOTE | ||||
r-release-macos-x86_64 | 3.0.0 | NOTE | ||||
r-release-windows-x86_64 | 3.0.0 | 25.00 | 379.00 | 404.00 | OK | |
r-oldrel-macos-arm64 | 3.0.0 | NOTE | ||||
r-oldrel-macos-x86_64 | 3.0.0 | NOTE | ||||
r-oldrel-windows-ix86+x86_64 | 3.0.0 | 48.00 | 457.00 | 505.00 | NOTE |
Version: 3.0.0
Check: dependencies in R code
Result: NOTE
Namespaces in Imports field not imported from:
‘MASS’ ‘graphics’ ‘refund’ ‘stats’ ‘utils’
All declared Imports should be used.
Flavors: r-devel-linux-x86_64-fedora-clang, r-devel-linux-x86_64-fedora-gcc, r-release-macos-arm64, r-release-macos-x86_64, r-oldrel-macos-arm64, r-oldrel-macos-x86_64
Version: 3.0.0
Check: installed package size
Result: NOTE
installed size is 5.5Mb
sub-directories of 1Mb or more:
data 1.6Mb
doc 1.8Mb
libs 2.0Mb
Flavor: r-oldrel-windows-ix86+x86_64