Last updated on 2022-04-24 03:52:27 CEST.
Flavor | Version | Tinstall | Tcheck | Ttotal | Status | Flags |
---|---|---|---|---|---|---|
r-devel-linux-x86_64-debian-clang | 1.6.1 | 10.09 | 106.87 | 116.96 | OK | |
r-devel-linux-x86_64-debian-gcc | 1.6.1 | 9.04 | 77.70 | 86.74 | OK | |
r-devel-linux-x86_64-fedora-clang | 1.6.1 | 144.69 | OK | |||
r-devel-linux-x86_64-fedora-gcc | 1.6.1 | 3.88 | ERROR | |||
r-patched-linux-x86_64 | 1.6.1 | 10.16 | 102.75 | 112.91 | OK | |
r-release-linux-x86_64 | 1.6.1 | 9.41 | 100.84 | 110.25 | OK | |
r-release-macos-arm64 | 1.6.1 | OK | ||||
r-release-macos-x86_64 | 1.6.1 | OK | ||||
r-release-windows-x86_64 | 1.6.1 | 52.00 | 158.00 | 210.00 | OK | |
r-oldrel-macos-arm64 | 1.6.1 | OK | ||||
r-oldrel-macos-x86_64 | 1.6.1 | OK | ||||
r-oldrel-windows-ix86+x86_64 | 1.6.1 | 22.00 | 159.00 | 181.00 | OK |
Version: 1.6.1
Check: whether package can be installed
Result: ERROR
Installation failed.
Flavor: r-devel-linux-x86_64-fedora-gcc