Last updated on 2022-04-24 03:52:27 CEST.
Flavor | Version | Tinstall | Tcheck | Ttotal | Status | Flags |
---|---|---|---|---|---|---|
r-devel-linux-x86_64-debian-clang | 1.1.0 | 34.58 | 292.85 | 327.43 | OK | |
r-devel-linux-x86_64-debian-gcc | 1.1.0 | 26.52 | 207.90 | 234.42 | OK | |
r-devel-linux-x86_64-fedora-clang | 1.1.0 | 379.08 | NOTE | |||
r-devel-linux-x86_64-fedora-gcc | 1.1.0 | 366.28 | NOTE | |||
r-patched-linux-x86_64 | 1.1.0 | 31.43 | 275.30 | 306.73 | OK | |
r-release-linux-x86_64 | 1.1.0 | 31.06 | 270.59 | 301.65 | OK | |
r-release-macos-arm64 | 1.1.0 | NOTE | ||||
r-release-macos-x86_64 | 1.1.0 | NOTE | ||||
r-release-windows-x86_64 | 1.1.0 | 95.00 | 313.00 | 408.00 | OK | |
r-oldrel-macos-arm64 | 1.1.0 | NOTE | ||||
r-oldrel-macos-x86_64 | 1.1.0 | NOTE | ||||
r-oldrel-windows-ix86+x86_64 | 1.1.0 | 56.00 | 320.00 | 376.00 | OK |
Version: 1.1.0
Check: dependencies in R code
Result: NOTE
Namespace in Imports field not imported from: ‘methods’
All declared Imports should be used.
Flavors: r-devel-linux-x86_64-fedora-clang, r-devel-linux-x86_64-fedora-gcc, r-release-macos-arm64, r-release-macos-x86_64, r-oldrel-macos-arm64, r-oldrel-macos-x86_64
Version: 1.1.0
Check: data for non-ASCII characters
Result: NOTE
Note: found 11 marked UTF-8 strings
Flavors: r-devel-linux-x86_64-fedora-clang, r-devel-linux-x86_64-fedora-gcc, r-release-macos-arm64, r-release-macos-x86_64, r-oldrel-macos-arm64, r-oldrel-macos-x86_64