Last updated on 2022-04-24 03:52:27 CEST.
Flavor | Version | Tinstall | Tcheck | Ttotal | Status | Flags |
---|---|---|---|---|---|---|
r-devel-linux-x86_64-debian-clang | 0.1.0 | 37.01 | 83.52 | 120.53 | OK | |
r-devel-linux-x86_64-debian-gcc | 0.1.0 | 31.39 | 64.52 | 95.91 | OK | |
r-devel-linux-x86_64-fedora-clang | 0.1.0 | 158.48 | NOTE | |||
r-devel-linux-x86_64-fedora-gcc | 0.1.0 | 139.11 | OK | |||
r-patched-linux-x86_64 | 0.1.0 | 35.19 | 81.88 | 117.07 | OK | |
r-release-linux-x86_64 | 0.1.0 | 30.94 | 75.80 | 106.74 | OK | |
r-release-macos-arm64 | 0.1.0 | NOTE | ||||
r-release-macos-x86_64 | 0.1.0 | NOTE | ||||
r-release-windows-x86_64 | 0.1.0 | 33.00 | 120.00 | 153.00 | OK | |
r-oldrel-macos-arm64 | 0.1.0 | NOTE | ||||
r-oldrel-macos-x86_64 | 0.1.0 | NOTE | ||||
r-oldrel-windows-ix86+x86_64 | 0.1.0 | 84.00 | 131.00 | 215.00 | OK |
Version: 0.1.0
Check: installed package size
Result: NOTE
installed size is 5.2Mb
sub-directories of 1Mb or more:
doc 1.1Mb
libs 3.8Mb
Flavors: r-devel-linux-x86_64-fedora-clang, r-release-macos-arm64, r-release-macos-x86_64, r-oldrel-macos-arm64, r-oldrel-macos-x86_64