Last updated on 2022-04-24 03:52:27 CEST.
| Flavor | Version | Tinstall | Tcheck | Ttotal | Status | Flags | 
|---|---|---|---|---|---|---|
| r-devel-linux-x86_64-debian-clang | 1.6.6-1 | 301.97 | 31.45 | 333.42 | OK | |
| r-devel-linux-x86_64-debian-gcc | 1.6.6-1 | 226.56 | 24.00 | 250.56 | OK | |
| r-devel-linux-x86_64-fedora-clang | 1.6.6-1 | 481.08 | OK | |||
| r-devel-linux-x86_64-fedora-gcc | 1.6.6-1 | 478.99 | OK | |||
| r-patched-linux-x86_64 | 1.6.6-1 | 303.83 | 29.93 | 333.76 | OK | |
| r-release-linux-x86_64 | 1.6.6-1 | 298.25 | 28.97 | 327.22 | OK | |
| r-release-macos-arm64 | 1.6.6-1 | NOTE | ||||
| r-release-macos-x86_64 | 1.6.6-1 | NOTE | ||||
| r-release-windows-x86_64 | 1.6.6-1 | 16.00 | 65.00 | 81.00 | OK | |
| r-oldrel-macos-arm64 | 1.6.6-1 | NOTE | ||||
| r-oldrel-macos-x86_64 | 1.6.6-1 | NOTE | ||||
| r-oldrel-windows-ix86+x86_64 | 1.6.6-1 | 19.00 | 61.00 | 80.00 | OK | 
Version: 1.6.6-1
Check: installed package size
Result: NOTE
      installed size is  7.6Mb
      sub-directories of 1Mb or more:
        libs   7.5Mb
Flavors: r-release-macos-arm64, r-release-macos-x86_64, r-oldrel-macos-arm64, r-oldrel-macos-x86_64