Last updated on 2022-04-24 03:52:27 CEST.
Flavor | Version | Tinstall | Tcheck | Ttotal | Status | Flags |
---|---|---|---|---|---|---|
r-devel-linux-x86_64-debian-clang | 0.8.0 | 3.32 | 69.70 | 73.02 | NOTE | |
r-devel-linux-x86_64-debian-gcc | 0.8.0 | 2.60 | 54.36 | 56.96 | NOTE | |
r-devel-linux-x86_64-fedora-clang | 0.8.0 | 86.00 | NOTE | |||
r-devel-linux-x86_64-fedora-gcc | 0.8.0 | 73.86 | NOTE | |||
r-patched-linux-x86_64 | 0.8.0 | 3.05 | 67.56 | 70.61 | NOTE | |
r-release-linux-x86_64 | 0.8.0 | 2.75 | 67.66 | 70.41 | NOTE | |
r-release-macos-arm64 | 0.8.0 | NOTE | ||||
r-release-macos-x86_64 | 0.8.0 | NOTE | ||||
r-release-windows-x86_64 | 0.8.0 | 21.00 | 199.00 | 220.00 | NOTE | |
r-oldrel-macos-arm64 | 0.8.0 | NOTE | ||||
r-oldrel-macos-x86_64 | 0.8.0 | NOTE | ||||
r-oldrel-windows-ix86+x86_64 | 0.8.0 | 7.00 | 166.00 | 173.00 | NOTE |
Version: 0.8.0
Check: LazyData
Result: NOTE
'LazyData' is specified without a 'data' directory
Flavors: r-devel-linux-x86_64-debian-clang, r-devel-linux-x86_64-debian-gcc, r-devel-linux-x86_64-fedora-clang, r-devel-linux-x86_64-fedora-gcc, r-patched-linux-x86_64, r-release-linux-x86_64, r-release-macos-arm64, r-release-macos-x86_64, r-release-windows-x86_64, r-oldrel-macos-arm64, r-oldrel-macos-x86_64, r-oldrel-windows-ix86+x86_64