Last updated on 2022-04-24 03:52:27 CEST.
Flavor | Version | Tinstall | Tcheck | Ttotal | Status | Flags |
---|---|---|---|---|---|---|
r-devel-linux-x86_64-debian-clang | 0.2.1 | 51.25 | 38.53 | 89.78 | OK | |
r-devel-linux-x86_64-debian-gcc | 0.2.1 | 39.33 | 30.09 | 69.42 | OK | |
r-devel-linux-x86_64-fedora-clang | 0.2.1 | 120.24 | OK | |||
r-devel-linux-x86_64-fedora-gcc | 0.2.1 | 99.62 | OK | |||
r-patched-linux-x86_64 | 0.2.1 | 37.10 | 37.41 | 74.51 | OK | |
r-release-linux-x86_64 | 0.2.1 | 36.62 | 36.59 | 73.21 | OK | |
r-release-macos-arm64 | 0.2.1 | NOTE | ||||
r-release-macos-x86_64 | 0.2.1 | OK | ||||
r-release-windows-x86_64 | 0.2.1 | 49.00 | 80.00 | 129.00 | OK | |
r-oldrel-macos-arm64 | 0.2.1 | NOTE | ||||
r-oldrel-macos-x86_64 | 0.2.1 | OK | ||||
r-oldrel-windows-ix86+x86_64 | 0.2.1 | 108.00 | 75.00 | 183.00 | OK |
Version: 0.2.1
Check: installed package size
Result: NOTE
installed size is 5.5Mb
sub-directories of 1Mb or more:
libs 4.9Mb
Flavors: r-release-macos-arm64, r-oldrel-macos-arm64