Last updated on 2022-04-24 03:52:27 CEST.
Flavor | Version | Tinstall | Tcheck | Ttotal | Status | Flags |
---|---|---|---|---|---|---|
r-devel-linux-x86_64-debian-clang | 0.1 | 5.04 | 55.82 | 60.86 | NOTE | |
r-devel-linux-x86_64-debian-gcc | 0.1 | 4.15 | 41.66 | 45.81 | NOTE | |
r-devel-linux-x86_64-fedora-clang | 0.1 | 72.16 | NOTE | |||
r-devel-linux-x86_64-fedora-gcc | 0.1 | 59.71 | NOTE | |||
r-patched-linux-x86_64 | 0.1 | 5.08 | 52.24 | 57.32 | NOTE | |
r-release-linux-x86_64 | 0.1 | 4.87 | 49.72 | 54.59 | NOTE | |
r-release-macos-arm64 | 0.1 | NOTE | ||||
r-release-macos-x86_64 | 0.1 | NOTE | ||||
r-release-windows-x86_64 | 0.1 | 14.00 | 71.00 | 85.00 | NOTE | |
r-oldrel-macos-arm64 | 0.1 | NOTE | ||||
r-oldrel-macos-x86_64 | 0.1 | NOTE | ||||
r-oldrel-windows-ix86+x86_64 | 0.1 | 14.00 | 63.00 | 77.00 | NOTE |
Version: 0.1
Check: LazyData
Result: NOTE
'LazyData' is specified without a 'data' directory
Flavors: r-devel-linux-x86_64-debian-clang, r-devel-linux-x86_64-debian-gcc, r-devel-linux-x86_64-fedora-clang, r-devel-linux-x86_64-fedora-gcc, r-patched-linux-x86_64, r-release-linux-x86_64, r-release-macos-arm64, r-release-macos-x86_64, r-release-windows-x86_64, r-oldrel-macos-arm64, r-oldrel-macos-x86_64, r-oldrel-windows-ix86+x86_64