Last updated on 2022-04-24 03:52:27 CEST.
Flavor | Version | Tinstall | Tcheck | Ttotal | Status | Flags |
---|---|---|---|---|---|---|
r-devel-linux-x86_64-debian-clang | 0.2.0 | 6.04 | 68.15 | 74.19 | NOTE | |
r-devel-linux-x86_64-debian-gcc | 0.2.0 | 4.57 | 51.52 | 56.09 | NOTE | |
r-devel-linux-x86_64-fedora-clang | 0.2.0 | 88.85 | NOTE | |||
r-devel-linux-x86_64-fedora-gcc | 0.2.0 | 75.70 | NOTE | |||
r-patched-linux-x86_64 | 0.2.0 | 6.48 | 63.96 | 70.44 | NOTE | |
r-release-linux-x86_64 | 0.2.0 | 5.93 | 60.54 | 66.47 | NOTE | |
r-release-macos-arm64 | 0.2.0 | NOTE | ||||
r-release-macos-x86_64 | 0.2.0 | NOTE | ||||
r-release-windows-x86_64 | 0.2.0 | 14.00 | 85.00 | 99.00 | NOTE | |
r-oldrel-macos-arm64 | 0.2.0 | NOTE | ||||
r-oldrel-macos-x86_64 | 0.2.0 | NOTE | ||||
r-oldrel-windows-ix86+x86_64 | 0.2.0 | 17.00 | 73.00 | 90.00 | NOTE |
Version: 0.2.0
Check: LazyData
Result: NOTE
'LazyData' is specified without a 'data' directory
Flavors: r-devel-linux-x86_64-debian-clang, r-devel-linux-x86_64-debian-gcc, r-devel-linux-x86_64-fedora-clang, r-devel-linux-x86_64-fedora-gcc, r-patched-linux-x86_64, r-release-linux-x86_64, r-release-macos-arm64, r-release-macos-x86_64, r-release-windows-x86_64, r-oldrel-macos-arm64, r-oldrel-macos-x86_64, r-oldrel-windows-ix86+x86_64