Last updated on 2022-04-24 03:52:27 CEST.
Flavor | Version | Tinstall | Tcheck | Ttotal | Status | Flags |
---|---|---|---|---|---|---|
r-devel-linux-x86_64-debian-clang | 0.3.1 | 3.13 | 66.39 | 69.52 | OK | |
r-devel-linux-x86_64-debian-gcc | 0.3.1 | 3.61 | 49.53 | 53.14 | OK | |
r-devel-linux-x86_64-fedora-clang | 0.3.1 | 84.12 | NOTE | |||
r-devel-linux-x86_64-fedora-gcc | 0.3.1 | 71.72 | NOTE | |||
r-patched-linux-x86_64 | 0.3.1 | 5.31 | 63.47 | 68.78 | OK | |
r-release-linux-x86_64 | 0.3.1 | 4.42 | 61.12 | 65.54 | OK | |
r-release-macos-arm64 | 0.3.1 | NOTE | ||||
r-release-macos-x86_64 | 0.3.1 | NOTE | ||||
r-release-windows-x86_64 | 0.3.1 | 23.00 | 87.00 | 110.00 | OK | |
r-oldrel-macos-arm64 | 0.3.1 | NOTE | ||||
r-oldrel-macos-x86_64 | 0.3.1 | NOTE | ||||
r-oldrel-windows-ix86+x86_64 | 0.3.1 | 8.00 | 75.00 | 83.00 | OK |
Version: 0.3.1
Check: data for non-ASCII characters
Result: NOTE
Note: found 1178 marked UTF-8 strings
Flavors: r-devel-linux-x86_64-fedora-clang, r-devel-linux-x86_64-fedora-gcc, r-release-macos-arm64, r-release-macos-x86_64, r-oldrel-macos-arm64, r-oldrel-macos-x86_64