Last updated on 2022-04-24 03:52:27 CEST.
Flavor | Version | Tinstall | Tcheck | Ttotal | Status | Flags |
---|---|---|---|---|---|---|
r-devel-linux-x86_64-debian-clang | 0.30.1 | 19.44 | 75.24 | 94.68 | OK | |
r-devel-linux-x86_64-debian-gcc | 0.30.1 | 14.05 | 57.25 | 71.30 | OK | |
r-devel-linux-x86_64-fedora-clang | 0.30.1 | 114.83 | OK | |||
r-devel-linux-x86_64-fedora-gcc | 0.30.1 | 102.72 | OK | |||
r-patched-linux-x86_64 | 0.30.1 | 15.75 | 71.91 | 87.66 | OK | |
r-release-linux-x86_64 | 0.30.1 | 14.64 | 70.30 | 84.94 | OK | |
r-release-macos-arm64 | 0.30.1 | OK | ||||
r-release-macos-x86_64 | 0.30.1 | OK | ||||
r-release-windows-x86_64 | 0.30.1 | 188.00 | 155.00 | 343.00 | OK | |
r-oldrel-macos-arm64 | 0.30.1 | OK | ||||
r-oldrel-macos-x86_64 | 0.30.1 | OK | ||||
r-oldrel-windows-ix86+x86_64 | 0.30.1 | 61.00 | 175.00 | 236.00 | NOTE |
Version: 0.30.1
Check: installed package size
Result: NOTE
installed size is 8.0Mb
sub-directories of 1Mb or more:
libs 7.5Mb
Flavor: r-oldrel-windows-ix86+x86_64