Last updated on 2022-04-24 03:52:27 CEST.
Flavor | Version | Tinstall | Tcheck | Ttotal | Status | Flags |
---|---|---|---|---|---|---|
r-devel-linux-x86_64-debian-clang | 0.81.0 | 58.15 | 57.21 | 115.36 | OK | |
r-devel-linux-x86_64-debian-gcc | 0.81.0 | 43.20 | 43.95 | 87.15 | OK | |
r-devel-linux-x86_64-fedora-clang | 0.81.0 | 198.81 | OK | |||
r-devel-linux-x86_64-fedora-gcc | 0.81.0 | 142.24 | OK | |||
r-patched-linux-x86_64 | 0.81.0 | 50.10 | 55.26 | 105.36 | OK | |
r-release-linux-x86_64 | 0.81.0 | 46.09 | 53.31 | 99.40 | OK | |
r-release-macos-arm64 | 0.81.0 | NOTE | ||||
r-release-macos-x86_64 | 0.81.0 | NOTE | ||||
r-release-windows-x86_64 | 0.81.0 | 67.00 | 95.00 | 162.00 | OK | |
r-oldrel-macos-arm64 | 0.81.0 | NOTE | ||||
r-oldrel-macos-x86_64 | 0.81.0 | NOTE | ||||
r-oldrel-windows-ix86+x86_64 | 0.81.0 | 146.00 | 92.00 | 238.00 | OK |
Version: 0.81.0
Check: package dependencies
Result: NOTE
Packages suggested but not available for checking:
'rtracklayer', 'GenomicRanges', 'BSgenome',
'BSgenome.Hsapiens.UCSC.hg18.masked',
'BSgenome.Hsapiens.UCSC.hg19.masked'
Flavors: r-release-macos-arm64, r-oldrel-macos-arm64
Version: 0.81.0
Check: package dependencies
Result: NOTE
Packages suggested but not available for checking:
'BSgenome.Hsapiens.UCSC.hg18.masked',
'BSgenome.Hsapiens.UCSC.hg19.masked'
Flavors: r-release-macos-x86_64, r-oldrel-macos-x86_64