Last updated on 2022-04-24 03:52:27 CEST.
Flavor | Version | Tinstall | Tcheck | Ttotal | Status | Flags |
---|---|---|---|---|---|---|
r-devel-linux-x86_64-debian-clang | 1.0.1 | 6.85 | 105.59 | 112.44 | NOTE | |
r-devel-linux-x86_64-debian-gcc | 1.0.1 | 5.39 | 76.88 | 82.27 | NOTE | |
r-devel-linux-x86_64-fedora-clang | 1.0.1 | 140.49 | NOTE | |||
r-devel-linux-x86_64-fedora-gcc | 1.0.1 | 117.74 | NOTE | |||
r-patched-linux-x86_64 | 1.0.1 | 7.01 | 97.38 | 104.39 | NOTE | |
r-release-linux-x86_64 | 1.0.1 | 6.32 | 84.97 | 91.29 | NOTE | |
r-release-macos-arm64 | 1.0.1 | NOTE | ||||
r-release-macos-x86_64 | 1.0.1 | NOTE | ||||
r-release-windows-x86_64 | 1.0.1 | 24.00 | 129.00 | 153.00 | NOTE | |
r-oldrel-macos-arm64 | 1.0.1 | NOTE | ||||
r-oldrel-macos-x86_64 | 1.0.1 | NOTE | ||||
r-oldrel-windows-ix86+x86_64 | 1.0.1 | 17.00 | 103.00 | 120.00 | NOTE |
Version: 1.0.1
Check: LazyData
Result: NOTE
'LazyData' is specified without a 'data' directory
Flavors: r-devel-linux-x86_64-debian-clang, r-devel-linux-x86_64-debian-gcc, r-devel-linux-x86_64-fedora-clang, r-devel-linux-x86_64-fedora-gcc, r-patched-linux-x86_64, r-release-linux-x86_64, r-release-macos-arm64, r-release-macos-x86_64, r-release-windows-x86_64, r-oldrel-macos-arm64, r-oldrel-macos-x86_64, r-oldrel-windows-ix86+x86_64