Last updated on 2022-04-24 03:52:27 CEST.
Flavor | Version | Tinstall | Tcheck | Ttotal | Status | Flags |
---|---|---|---|---|---|---|
r-devel-linux-x86_64-debian-clang | 0.8.1 | 2.49 | 35.85 | 38.34 | NOTE | |
r-devel-linux-x86_64-debian-gcc | 0.8.1 | 1.53 | 28.06 | 29.59 | NOTE | |
r-devel-linux-x86_64-fedora-clang | 0.8.1 | 47.78 | NOTE | |||
r-devel-linux-x86_64-fedora-gcc | 0.8.1 | 35.85 | NOTE | |||
r-patched-linux-x86_64 | 0.8.1 | 5.38 | 34.82 | 40.20 | NOTE | |
r-release-linux-x86_64 | 0.8.1 | 1.65 | 34.38 | 36.03 | NOTE | |
r-release-macos-arm64 | 0.8.1 | NOTE | ||||
r-release-macos-x86_64 | 0.8.1 | NOTE | ||||
r-release-windows-x86_64 | 0.8.1 | 19.00 | 56.00 | 75.00 | NOTE | |
r-oldrel-macos-arm64 | 0.8.1 | NOTE | ||||
r-oldrel-macos-x86_64 | 0.8.1 | NOTE | ||||
r-oldrel-windows-ix86+x86_64 | 0.8.1 | 6.00 | 44.00 | 50.00 | NOTE |
Version: 0.8.1
Check: LazyData
Result: NOTE
'LazyData' is specified without a 'data' directory
Flavors: r-devel-linux-x86_64-debian-clang, r-devel-linux-x86_64-debian-gcc, r-devel-linux-x86_64-fedora-clang, r-devel-linux-x86_64-fedora-gcc, r-patched-linux-x86_64, r-release-linux-x86_64, r-release-macos-arm64, r-release-macos-x86_64, r-release-windows-x86_64, r-oldrel-macos-arm64, r-oldrel-macos-x86_64, r-oldrel-windows-ix86+x86_64