Last updated on 2022-04-24 03:52:27 CEST.
Flavor | Version | Tinstall | Tcheck | Ttotal | Status | Flags |
---|---|---|---|---|---|---|
r-devel-linux-x86_64-debian-clang | 0.2 | 2.45 | 37.98 | 40.43 | NOTE | |
r-devel-linux-x86_64-debian-gcc | 0.2 | 1.59 | 29.55 | 31.14 | NOTE | |
r-devel-linux-x86_64-fedora-clang | 0.2 | 50.15 | NOTE | |||
r-devel-linux-x86_64-fedora-gcc | 0.2 | 39.40 | NOTE | |||
r-patched-linux-x86_64 | 0.2 | 2.52 | 37.03 | 39.55 | NOTE | |
r-release-linux-x86_64 | 0.2 | 1.79 | 35.95 | 37.74 | NOTE | |
r-release-macos-arm64 | 0.2 | NOTE | ||||
r-release-macos-x86_64 | 0.2 | NOTE | ||||
r-release-windows-x86_64 | 0.2 | 11.00 | 57.00 | 68.00 | NOTE | |
r-oldrel-macos-arm64 | 0.2 | NOTE | ||||
r-oldrel-macos-x86_64 | 0.2 | NOTE | ||||
r-oldrel-windows-ix86+x86_64 | 0.2 | 5.00 | 34.00 | 39.00 | NOTE |
Version: 0.2
Check: R code for possible problems
Result: NOTE
fptcdf: no visible global function definition for 'dnorm'
fptcdf: no visible global function definition for 'pnorm'
fptpdf: no visible global function definition for 'pnorm'
fptpdf: no visible global function definition for 'dnorm'
lba: no visible global function definition for 'as.formula'
lba: no visible global function definition for 'model.frame'
lba : logl: no visible global function definition for 'head'
lba: no visible global function definition for 'optim'
pmod: no visible global function definition for 'model.frame'
pmod: no visible global function definition for 'model.matrix'
rlba: no visible global function definition for 'pnorm'
rlba: no visible global function definition for 'rnorm'
rlba: no visible global function definition for 'runif'
tablba: no visible global function definition for 'pnorm'
Undefined global functions or variables:
as.formula dnorm head model.frame model.matrix optim pnorm rnorm
runif
Consider adding
importFrom("stats", "as.formula", "dnorm", "model.frame",
"model.matrix", "optim", "pnorm", "rnorm", "runif")
importFrom("utils", "head")
to your NAMESPACE file.
Flavors: r-devel-linux-x86_64-debian-clang, r-devel-linux-x86_64-debian-gcc, r-devel-linux-x86_64-fedora-clang, r-devel-linux-x86_64-fedora-gcc, r-patched-linux-x86_64, r-release-linux-x86_64, r-release-macos-arm64, r-release-macos-x86_64, r-release-windows-x86_64, r-oldrel-macos-arm64, r-oldrel-macos-x86_64, r-oldrel-windows-ix86+x86_64