Last updated on 2022-04-24 03:52:27 CEST.
Flavor | Version | Tinstall | Tcheck | Ttotal | Status | Flags |
---|---|---|---|---|---|---|
r-devel-linux-x86_64-debian-clang | 1.3.1 | 280.55 | 293.70 | 574.25 | OK | |
r-devel-linux-x86_64-debian-gcc | 1.3.1 | 245.55 | 213.62 | 459.17 | OK | |
r-devel-linux-x86_64-fedora-clang | 1.3.1 | 710.38 | NOTE | |||
r-devel-linux-x86_64-fedora-gcc | 1.3.1 | 757.42 | OK | |||
r-patched-linux-x86_64 | 1.3.1 | 250.28 | 256.41 | 506.69 | OK | |
r-release-linux-x86_64 | 1.3.1 | 258.71 | 307.02 | 565.73 | OK | |
r-release-macos-arm64 | 1.3.1 | NOTE | ||||
r-release-macos-x86_64 | 1.3.1 | NOTE | ||||
r-release-windows-x86_64 | 1.3.1 | 166.00 | 334.00 | 500.00 | NOTE | |
r-oldrel-macos-arm64 | 1.3.1 | NOTE | ||||
r-oldrel-macos-x86_64 | 1.3.1 | NOTE | ||||
r-oldrel-windows-ix86+x86_64 | 1.3.1 | 500.00 | 475.00 | 975.00 | NOTE |
Version: 1.3.1
Check: installed package size
Result: NOTE
installed size is 85.2Mb
sub-directories of 1Mb or more:
libs 84.4Mb
Flavors: r-devel-linux-x86_64-fedora-clang, r-release-macos-arm64, r-release-macos-x86_64, r-release-windows-x86_64, r-oldrel-macos-arm64, r-oldrel-macos-x86_64, r-oldrel-windows-ix86+x86_64