Last updated on 2022-04-24 03:52:27 CEST.
Flavor | Version | Tinstall | Tcheck | Ttotal | Status | Flags |
---|---|---|---|---|---|---|
r-devel-linux-x86_64-debian-clang | 1.0.4 | 21.46 | 40.21 | 61.67 | NOTE | |
r-devel-linux-x86_64-debian-gcc | 1.0.4 | 16.87 | 31.28 | 48.15 | NOTE | |
r-devel-linux-x86_64-fedora-clang | 1.0.4 | 83.29 | NOTE | |||
r-devel-linux-x86_64-fedora-gcc | 1.0.4 | 66.40 | NOTE | |||
r-patched-linux-x86_64 | 1.0.4 | 17.11 | 39.36 | 56.47 | NOTE | |
r-release-linux-x86_64 | 1.0.4 | 17.32 | 38.18 | 55.50 | NOTE | |
r-release-macos-arm64 | 1.0.4 | NOTE | ||||
r-release-macos-x86_64 | 1.0.4 | NOTE | ||||
r-release-windows-x86_64 | 1.0.4 | 27.00 | 77.00 | 104.00 | NOTE | |
r-oldrel-macos-arm64 | 1.0.4 | NOTE | ||||
r-oldrel-macos-x86_64 | 1.0.4 | NOTE | ||||
r-oldrel-windows-ix86+x86_64 | 1.0.4 | 51.00 | 79.00 | 130.00 | NOTE |
Version: 1.0.4
Check: LazyData
Result: NOTE
'LazyData' is specified without a 'data' directory
Flavors: r-devel-linux-x86_64-debian-clang, r-devel-linux-x86_64-debian-gcc, r-devel-linux-x86_64-fedora-clang, r-devel-linux-x86_64-fedora-gcc, r-patched-linux-x86_64, r-release-linux-x86_64, r-release-macos-arm64, r-release-macos-x86_64, r-release-windows-x86_64, r-oldrel-macos-arm64, r-oldrel-macos-x86_64, r-oldrel-windows-ix86+x86_64