Last updated on 2022-04-24 03:52:27 CEST.
Flavor | Version | Tinstall | Tcheck | Ttotal | Status | Flags |
---|---|---|---|---|---|---|
r-devel-linux-x86_64-debian-clang | 0.1.0 | 6.14 | 65.25 | 71.39 | NOTE | |
r-devel-linux-x86_64-debian-gcc | 0.1.0 | 4.89 | 48.30 | 53.19 | NOTE | |
r-devel-linux-x86_64-fedora-clang | 0.1.0 | 92.48 | NOTE | |||
r-devel-linux-x86_64-fedora-gcc | 0.1.0 | 71.56 | NOTE | |||
r-patched-linux-x86_64 | 0.1.0 | 5.94 | 61.48 | 67.42 | NOTE | |
r-release-linux-x86_64 | 0.1.0 | 4.48 | 58.58 | 63.06 | NOTE | |
r-release-macos-arm64 | 0.1.0 | NOTE | ||||
r-release-macos-x86_64 | 0.1.0 | NOTE | ||||
r-release-windows-x86_64 | 0.1.0 | 14.00 | 76.00 | 90.00 | NOTE | |
r-oldrel-macos-arm64 | 0.1.0 | NOTE | ||||
r-oldrel-macos-x86_64 | 0.1.0 | NOTE | ||||
r-oldrel-windows-ix86+x86_64 | 0.1.0 | 15.00 | 70.00 | 85.00 | NOTE |
Version: 0.1.0
Check: LazyData
Result: NOTE
'LazyData' is specified without a 'data' directory
Flavors: r-devel-linux-x86_64-debian-clang, r-devel-linux-x86_64-debian-gcc, r-devel-linux-x86_64-fedora-clang, r-devel-linux-x86_64-fedora-gcc, r-patched-linux-x86_64, r-release-linux-x86_64, r-release-macos-arm64, r-release-macos-x86_64, r-release-windows-x86_64, r-oldrel-macos-arm64, r-oldrel-macos-x86_64, r-oldrel-windows-ix86+x86_64