Last updated on 2022-04-24 03:52:27 CEST.
Flavor | Version | Tinstall | Tcheck | Ttotal | Status | Flags |
---|---|---|---|---|---|---|
r-devel-linux-x86_64-debian-clang | 0.2.2 | 4.61 | 125.72 | 130.33 | NOTE | |
r-devel-linux-x86_64-debian-gcc | 0.2.2 | 3.28 | 95.16 | 98.44 | NOTE | |
r-devel-linux-x86_64-fedora-clang | 0.2.2 | 151.59 | NOTE | |||
r-devel-linux-x86_64-fedora-gcc | 0.2.2 | 142.14 | NOTE | |||
r-patched-linux-x86_64 | 0.2.2 | 7.78 | 121.81 | 129.59 | NOTE | |
r-release-linux-x86_64 | 0.2.2 | 4.09 | 113.82 | 117.91 | NOTE | |
r-release-macos-arm64 | 0.2.2 | NOTE | ||||
r-release-macos-x86_64 | 0.2.2 | NOTE | ||||
r-release-windows-x86_64 | 0.2.2 | 18.00 | 142.00 | 160.00 | NOTE | |
r-oldrel-macos-arm64 | 0.2.2 | NOTE | ||||
r-oldrel-macos-x86_64 | 0.2.2 | NOTE | ||||
r-oldrel-windows-ix86+x86_64 | 0.2.2 | 17.00 | 134.00 | 151.00 | NOTE |
Version: 0.2.2
Check: LazyData
Result: NOTE
'LazyData' is specified without a 'data' directory
Flavors: r-devel-linux-x86_64-debian-clang, r-devel-linux-x86_64-debian-gcc, r-devel-linux-x86_64-fedora-clang, r-devel-linux-x86_64-fedora-gcc, r-patched-linux-x86_64, r-release-linux-x86_64, r-release-macos-arm64, r-release-macos-x86_64, r-release-windows-x86_64, r-oldrel-macos-arm64, r-oldrel-macos-x86_64, r-oldrel-windows-ix86+x86_64