Last updated on 2022-04-24 03:52:27 CEST.
Flavor | Version | Tinstall | Tcheck | Ttotal | Status | Flags |
---|---|---|---|---|---|---|
r-devel-linux-x86_64-debian-clang | 1.1.3 | 248.49 | 306.23 | 554.72 | OK | |
r-devel-linux-x86_64-debian-gcc | 1.1.3 | 164.69 | 237.95 | 402.64 | OK | |
r-devel-linux-x86_64-fedora-clang | 1.1.3 | 771.52 | NOTE | |||
r-devel-linux-x86_64-fedora-gcc | 1.1.3 | 636.73 | OK | |||
r-patched-linux-x86_64 | 1.1.3 | 160.98 | 295.72 | 456.70 | OK | |
r-release-linux-x86_64 | 1.1.3 | 164.67 | 305.21 | 469.88 | OK | |
r-release-macos-arm64 | 1.1.3 | NOTE | ||||
r-release-macos-x86_64 | 1.1.3 | NOTE | ||||
r-release-windows-x86_64 | 1.1.3 | 161.00 | 272.00 | 433.00 | NOTE | --no-vignettes |
r-oldrel-macos-arm64 | 1.1.3 | NOTE | ||||
r-oldrel-macos-x86_64 | 1.1.3 | NOTE | ||||
r-oldrel-windows-ix86+x86_64 | 1.1.3 | 339.00 | 449.00 | 788.00 | NOTE | --no-vignettes |
Version: 1.1.3
Check: installed package size
Result: NOTE
installed size is 45.8Mb
sub-directories of 1Mb or more:
libs 41.0Mb
test_data 2.2Mb
vignette_data 1.1Mb
Flavors: r-devel-linux-x86_64-fedora-clang, r-release-macos-arm64, r-release-macos-x86_64, r-oldrel-macos-arm64, r-oldrel-macos-x86_64
Version: 1.1.3
Flags: --no-vignettes
Check: installed package size
Result: NOTE
installed size is 18.7Mb
sub-directories of 1Mb or more:
libs 13.9Mb
test_data 2.2Mb
vignette_data 1.1Mb
Flavors: r-release-windows-x86_64, r-oldrel-windows-ix86+x86_64