Last updated on 2022-04-24 03:52:27 CEST.
Flavor | Version | Tinstall | Tcheck | Ttotal | Status | Flags |
---|---|---|---|---|---|---|
r-devel-linux-x86_64-debian-clang | 0.1.4 | 256.24 | 149.12 | 405.36 | NOTE | |
r-devel-linux-x86_64-debian-gcc | 0.1.4 | 151.16 | 114.78 | 265.94 | NOTE | |
r-devel-linux-x86_64-fedora-clang | 0.1.4 | 473.17 | NOTE | |||
r-devel-linux-x86_64-fedora-gcc | 0.1.4 | 420.71 | NOTE | |||
r-patched-linux-x86_64 | 0.1.4 | 121.95 | 150.10 | 272.05 | NOTE | |
r-release-linux-x86_64 | 0.1.4 | 116.51 | 139.19 | 255.70 | NOTE | |
r-release-macos-arm64 | 0.1.4 | NOTE | ||||
r-release-macos-x86_64 | 0.1.4 | NOTE | ||||
r-release-windows-x86_64 | 0.1.4 | 118.00 | 203.00 | 321.00 | NOTE | |
r-oldrel-macos-arm64 | 0.1.4 | NOTE | ||||
r-oldrel-macos-x86_64 | 0.1.4 | NOTE | ||||
r-oldrel-windows-ix86+x86_64 | 0.1.4 | 352.00 | 233.00 | 585.00 | NOTE |
Version: 0.1.4
Check: for GNU extensions in Makefiles
Result: NOTE
GNU make is a SystemRequirements.
Flavors: r-devel-linux-x86_64-debian-clang, r-devel-linux-x86_64-debian-gcc, r-devel-linux-x86_64-fedora-clang, r-devel-linux-x86_64-fedora-gcc, r-patched-linux-x86_64, r-release-linux-x86_64, r-release-macos-arm64, r-release-macos-x86_64, r-release-windows-x86_64, r-oldrel-macos-arm64, r-oldrel-macos-x86_64, r-oldrel-windows-ix86+x86_64
Version: 0.1.4
Check: installed package size
Result: NOTE
installed size is 36.4Mb
sub-directories of 1Mb or more:
libs 35.7Mb
Flavors: r-devel-linux-x86_64-fedora-clang, r-release-macos-arm64, r-release-macos-x86_64, r-oldrel-macos-arm64, r-oldrel-macos-x86_64, r-oldrel-windows-ix86+x86_64