Last updated on 2022-04-24 03:52:27 CEST.
Flavor | Version | Tinstall | Tcheck | Ttotal | Status | Flags |
---|---|---|---|---|---|---|
r-devel-linux-x86_64-debian-clang | 4.1-4 | 176.42 | 295.77 | 472.19 | OK | |
r-devel-linux-x86_64-debian-gcc | 4.1-4 | 130.25 | 220.44 | 350.69 | OK | |
r-devel-linux-x86_64-fedora-clang | 4.1-4 | 600.64 | NOTE | |||
r-devel-linux-x86_64-fedora-gcc | 4.1-4 | 547.05 | OK | |||
r-patched-linux-x86_64 | 4.1-4 | 144.00 | 286.13 | 430.13 | OK | |
r-release-linux-x86_64 | 4.1-4 | 136.22 | 287.46 | 423.68 | OK | |
r-release-macos-arm64 | 4.1-4 | NOTE | ||||
r-release-macos-x86_64 | 4.1-4 | NOTE | ||||
r-release-windows-x86_64 | 4.1-4 | 282.00 | 464.00 | 746.00 | OK | |
r-oldrel-macos-arm64 | 4.1-4 | NOTE | ||||
r-oldrel-macos-x86_64 | 4.1-4 | NOTE | ||||
r-oldrel-windows-ix86+x86_64 | 4.1-4 | 278.00 | 444.00 | 722.00 | NOTE |
Version: 4.1-4
Check: installed package size
Result: NOTE
installed size is 31.4Mb
sub-directories of 1Mb or more:
libs 29.3Mb
Flavors: r-devel-linux-x86_64-fedora-clang, r-release-macos-arm64, r-release-macos-x86_64, r-oldrel-macos-arm64, r-oldrel-macos-x86_64, r-oldrel-windows-ix86+x86_64