Last updated on 2022-04-24 03:52:27 CEST.
Flavor | Version | Tinstall | Tcheck | Ttotal | Status | Flags |
---|---|---|---|---|---|---|
r-devel-linux-x86_64-debian-clang | 1.1.8 | 8.24 | 440.24 | 448.48 | OK | |
r-devel-linux-x86_64-debian-gcc | 1.1.8 | 6.37 | 314.23 | 320.60 | OK | |
r-devel-linux-x86_64-fedora-clang | 1.1.8 | 505.76 | OK | |||
r-devel-linux-x86_64-fedora-gcc | 1.1.8 | 493.07 | OK | |||
r-patched-linux-x86_64 | 1.1.8 | 8.36 | 414.17 | 422.53 | OK | |
r-release-linux-x86_64 | 1.1.8 | 5.54 | 389.90 | 395.44 | OK | |
r-release-macos-arm64 | 1.1.8 | OK | ||||
r-release-macos-x86_64 | 1.1.8 | OK | ||||
r-release-windows-x86_64 | 1.1.8 | 28.00 | 396.00 | 424.00 | ERROR | |
r-oldrel-macos-arm64 | 1.1.8 | OK | ||||
r-oldrel-macos-x86_64 | 1.1.8 | OK | ||||
r-oldrel-windows-ix86+x86_64 | 1.1.8 | 17.00 | 419.00 | 436.00 | WARN |
Version: 1.1.8
Check: re-building of vignette outputs
Result: ERROR
Error(s) in re-building vignettes:
--- re-building 'intro.rmd' using rmarkdown
trying URL 'https://web.stanford.edu/~hastie/glmnet/glmnetData/Leukemia.RData'
Quitting from lines 167-173 (intro.rmd)
Error: processing vignette 'intro.rmd' failed with diagnostics:
cannot open URL 'https://web.stanford.edu/~hastie/glmnet/glmnetData/Leukemia.RData'
--- failed re-building 'intro.rmd'
SUMMARY: processing the following file failed:
'intro.rmd'
Error: Vignette re-building failed.
Execution halted
Flavor: r-release-windows-x86_64
Version: 1.1.8
Check: re-building of vignette outputs
Result: WARN
Error(s) in re-building vignettes:
--- re-building 'intro.rmd' using rmarkdown
trying URL 'https://web.stanford.edu/~hastie/glmnet/glmnetData/Leukemia.RData'
Quitting from lines 167-173 (intro.rmd)
Error: processing vignette 'intro.rmd' failed with diagnostics:
cannot open URL 'https://web.stanford.edu/~hastie/glmnet/glmnetData/Leukemia.RData'
--- failed re-building 'intro.rmd'
SUMMARY: processing the following file failed:
'intro.rmd'
Error: Vignette re-building failed.
Execution halted
Flavor: r-oldrel-windows-ix86+x86_64