Last updated on 2022-04-24 03:52:27 CEST.
Flavor | Version | Tinstall | Tcheck | Ttotal | Status | Flags |
---|---|---|---|---|---|---|
r-devel-linux-x86_64-debian-clang | 2.0.1 | 16.12 | 82.27 | 98.39 | OK | |
r-devel-linux-x86_64-debian-gcc | 2.0.1 | 11.68 | 61.18 | 72.86 | OK | |
r-devel-linux-x86_64-fedora-clang | 2.0.1 | 124.32 | OK | |||
r-devel-linux-x86_64-fedora-gcc | 2.0.1 | 103.36 | OK | |||
r-patched-linux-x86_64 | 2.0.1 | 12.90 | 77.87 | 90.77 | OK | |
r-release-linux-x86_64 | 2.0.1 | 10.77 | 72.54 | 83.31 | OK | |
r-release-macos-arm64 | 2.0.1 | OK | ||||
r-release-macos-x86_64 | 2.0.1 | OK | ||||
r-release-windows-x86_64 | 2.0.1 | 41.00 | 136.00 | 177.00 | OK | |
r-oldrel-macos-arm64 | 2.0.1 | OK | ||||
r-oldrel-macos-x86_64 | 2.0.1 | OK | ||||
r-oldrel-windows-ix86+x86_64 | 2.0.1 | 39.00 | 127.00 | 166.00 | WARN |
Version: 2.0.1
Check: re-building of vignette outputs
Result: WARN
Error(s) in re-building vignettes:
--- re-building 'glmtlp.Rmd' using rmarkdown
! Package inputenc Error: Unicode char รข<c2><80><c2><90> (U+2010)
(inputenc) not set up for use with LaTeX.
Error: processing vignette 'glmtlp.Rmd' failed with diagnostics:
LaTeX failed to compile d:/RCompile/CRANpkg/local/4.1/glmtlp.Rcheck/vign_test/glmtlp/vignettes/glmtlp.tex. See https://yihui.org/tinytex/r/#debugging for debugging tips. See glmtlp.log for more info.
--- failed re-building 'glmtlp.Rmd'
SUMMARY: processing the following file failed:
'glmtlp.Rmd'
Error: Vignette re-building failed.
Execution halted
Flavor: r-oldrel-windows-ix86+x86_64