Last updated on 2022-04-24 03:52:27 CEST.
Flavor | Version | Tinstall | Tcheck | Ttotal | Status | Flags |
---|---|---|---|---|---|---|
r-devel-linux-x86_64-debian-clang | 0.10.1 | 37.05 | 81.43 | 118.48 | OK | |
r-devel-linux-x86_64-debian-gcc | 0.10.1 | 32.97 | 59.97 | 92.94 | OK | |
r-devel-linux-x86_64-fedora-clang | 0.10.1 | 164.04 | NOTE | |||
r-devel-linux-x86_64-fedora-gcc | 0.10.1 | 136.21 | NOTE | |||
r-patched-linux-x86_64 | 0.10.1 | 36.37 | 76.80 | 113.17 | OK | |
r-release-linux-x86_64 | 0.10.1 | 34.01 | 71.80 | 105.81 | OK | |
r-release-macos-arm64 | 0.10.1 | NOTE | ||||
r-release-macos-x86_64 | 0.10.1 | NOTE | ||||
r-release-windows-x86_64 | 0.10.1 | 38.00 | 126.00 | 164.00 | OK | |
r-oldrel-macos-arm64 | 0.10.1 | NOTE | ||||
r-oldrel-macos-x86_64 | 0.10.1 | NOTE | ||||
r-oldrel-windows-ix86+x86_64 | 0.10.1 | 85.00 | 134.00 | 219.00 | OK |
Version: 0.10.1
Check: installed package size
Result: NOTE
installed size is 11.1Mb
sub-directories of 1Mb or more:
doc 2.4Mb
libs 8.5Mb
Flavors: r-devel-linux-x86_64-fedora-clang, r-release-macos-arm64, r-release-macos-x86_64, r-oldrel-macos-arm64, r-oldrel-macos-x86_64
Version: 0.10.1
Check: dependencies in R code
Result: NOTE
Namespace in Imports field not imported from: ‘scales’
All declared Imports should be used.
Flavors: r-devel-linux-x86_64-fedora-clang, r-devel-linux-x86_64-fedora-gcc, r-release-macos-arm64, r-release-macos-x86_64, r-oldrel-macos-arm64, r-oldrel-macos-x86_64