Last updated on 2022-04-24 03:52:27 CEST.
Flavor | Version | Tinstall | Tcheck | Ttotal | Status | Flags |
---|---|---|---|---|---|---|
r-devel-linux-x86_64-debian-clang | 0.11.0 | 27.16 | 167.38 | 194.54 | OK | |
r-devel-linux-x86_64-debian-gcc | 0.11.0 | 22.70 | 120.65 | 143.35 | OK | |
r-devel-linux-x86_64-fedora-clang | 0.11.0 | 224.06 | NOTE | |||
r-devel-linux-x86_64-fedora-gcc | 0.11.0 | 204.82 | NOTE | |||
r-patched-linux-x86_64 | 0.11.0 | 27.77 | 159.37 | 187.14 | OK | |
r-release-linux-x86_64 | 0.11.0 | 24.71 | 152.82 | 177.53 | OK | |
r-release-macos-arm64 | 0.11.0 | NOTE | ||||
r-release-macos-x86_64 | 0.11.0 | NOTE | ||||
r-release-windows-x86_64 | 0.11.0 | 194.00 | 194.00 | 388.00 | OK | |
r-oldrel-macos-arm64 | 0.11.0 | NOTE | ||||
r-oldrel-macos-x86_64 | 0.11.0 | NOTE | ||||
r-oldrel-windows-ix86+x86_64 | 0.11.0 | 42.00 | 226.00 | 268.00 | OK |
Version: 0.11.0
Check: data for non-ASCII characters
Result: NOTE
Note: found 2629 marked UTF-8 strings
Flavors: r-devel-linux-x86_64-fedora-clang, r-devel-linux-x86_64-fedora-gcc, r-release-macos-arm64, r-release-macos-x86_64, r-oldrel-macos-arm64, r-oldrel-macos-x86_64